*3/3 - 3*j**2. Suppose -22*c - 86 - 112 = 0. Give m(c).
5
Let b(r) = r**2. Let p(w) = -2*w**3 + 15*w**2 + 4*w + 11. Let h(a) = -4*b(a) + p(a). Calculate h(6).
-1
Let m(x) = -10*x + 15. Let l(u) = -34*u + 44. Let o(c) = 2*l(c) - 7*m(c). What is o(10)?
3
Suppose 3*d - 16 = -3*b + 11, -5*b = 2*d - 18. Let z be (-4)/12*-2*d. Let w(n) = -n**2 - n + n + z*n + 0*n. Determine w(6).
0
Let q(t) = 3*t**2 + 7*t - 4. Let d(w) = 1. Let o(p) = -2*d(p) - q(p). Give o(-4).
-18
Let u(z) = -4*z**2 + 9*z + 2. Let n(b) = b**2 - b - 1. Let x be (6/2)/((-15)/25). Let h(r) = x*n(r) - u(r). What is h(-6)?
-9
Let t(g) = -g**3 - 8*g**2 - 2*g + 20. Let v be t(-7). Let m = v + 21. Let l(j) = -2*j**2 + 8*j + 3. Calculate l(m).
-21
Suppose -174 - 306 = 5*l - 2*n, 3*l - 4*n = -302. Let s = 88 + l. Let q(b) = -b**2 - 5*b + 7. Calculate q(s).
1
Suppose -4*o + 3 + 9 = 0. Suppose 4*s + o = 7*s. Suppose -2*d = -s - 3. Let q(x) = 2*x**2 - 2. Give q(d).
6
Let o(j) = -7*j**2 - j - j**2 + 7*j**2 - 2*j**3 - j**3. Let w = 8 - 4. Suppose w*x = -5*s - 24, -3*x - 6 = 4*s + 13. Determine o(x).
3
Let y(z) = -12 + 177*z - 181*z - 2. Determine y(-7).
14
Let k(z) = -10*z - 2 + 25*z - 10*z - 4*z**2 - z**3 - 7*z. Determine k(-2).
-6
Let s be 4 + (-2)/(-4)*-2. Let j(x) = x**2 - 6*x + 7. Suppose -6 - 2 = 2*m. Let k(l) = l**2 - 7*l + 8. Let w(b) = m*k(b) + 5*j(b). Determine w(s).
6
Let m = 1022 - 1030. Let y(d) be the second derivative of -d**5/20 - 7*d**4/12 + 3*d**3/2 + 2*d**2 - 2*d. What is y(m)?
-4
Let p(d) = -3*d - 13 + 13. Suppose -3 = 2*m + 1, 3*m = -2*r - 4. What is p(r)?
-3
Let m(x) = x**3 - x**2 - 14. Let t(k) = -3*k**3 - 5*k**2 + 4*k + 4. Let o be t(-2). What is m(o)?
-14
Let f(q) = -3*q + 5. Let j(i) = -i. Let a(x) = f(x) - 2*j(x). Let y = 537 + -534. Calculate a(y).
2
Let x(k) be the second derivative of -k**5/20 - 7*k**4/12 - k**3/2 + k**2/2 - 41*k + 1. Determine x(-6).
-17
Let f = 16 + -14. Let i(g) = -2 + 7*g**2 - 3*g + 7*g - 1 - 8*g**f. Suppose 2*r - 3*r + 4 = 0, l + 18 = 5*r. Give i(l).
1
Let h(w) be the third derivative of -w**5/60 - 5*w**4/24 + 7*w**3/6 - 27*w**2 + 2*w. Determine h(-5).
7
Suppose 78*f + 54 = 69*f. Let z(v) = v**2 + 7*v + 19. What is z(f)?
13
Let l(a) = 12*a + 7 - 6*a - a**2 + 0*a**2. Determine l(7).
0
Let t(w) = -w**3 + 6*w**2 - 7*w + 12. Let d be t(5). Let k(n) = 104*n**d + 2 - 5*n - 103*n**2 + 0*n. What is k(3)?
-4
Let p(n) be the third derivative of n**6/120 - 7*n**5/60 + n**4/6 + 3*n**3/2 + 38*n**2. Let q be p(6). Let z(r) = 4*r - 3. Calculate z(q).
-15
Let f(w) = -w**3 - 3*w**2 - 2*w + 5. Suppose 48*q - 8 = 50*q. Calculate f(q).
29
Let n(c) = -3*c**3 + 6*c**2 - 9*c - 2. Let i(o) = 2*o**3 - 3*o**2 + 5*o + 1. Let r(m) = -5*i(m) - 3*n(m). Give r(-3).
-5
Suppose 0*f - 3*f + 6 = 0. Let u(r) = -7*r + r**3 + 29*r - 17*r - 5 + 6*r**f. Calculate u(-5).
-5
Let f(t) be the second derivative of t**3/2 + 3*t**2/2 + 7*t + 1. What is f(3)?
12
Let z(q) = 2*q**2 - 7*q + 6. Let s(i) = -i**2 - 24*i + 1. Let g be s(0). Give z(g).
1
Suppose 0 - 4 = -2*c. Let z(w) = -c*w**2 + 2*w**3 - 13 - 2*w + 0*w**2 + 12. Suppose 4*n + 1 = -3. Give z(n).
-3
Let k(s) be the first derivative of 3/2*s**2 + 2*s - 32. Give k(-2).
-4
Let u(a) = a + 4. Let m(i) = 9*i + 100. Let j be m(-12). Give u(j).
-4
Let c(o) = -o + 4. Let f = -41 - -60. Let k be f/(-171) + (-52)/18. What is c(k)?
7
Let t(h) = h**2 - h - 3. Let d(c) = c**3 - 8*c**2 + c - 3. Let u be d(0). What is t(u)?
9
Let g = -1 + -10. Let k = -12 - g. Let z(u) be the first derivative of 5*u**4/4 + u + 5. Give z(k).
-4
Let d(h) be the first derivative of -h**2 - 12*h + 5. Calculate d(-8).
4
Let m(h) = -4*h + 8. Let l(y) = 3*y - 7. Let z(c) = 3*l(c) + 2*m(c). Determine z(6).
1
Let o(p) = -p**2 - 2*p + 11. Let m = -693 + 695. Give o(m).
3
Let w(f) be the second derivative of f**3/6 + 11*f**2/2 + f + 72. Determine w(-6).
5
Let x(b) = -4*b - 35. Let z(f) = f + 2. Let h(v) = -x(v) - 3*z(v). Let m be h(-29). Let o(n) be the first derivative of -n**2/2 - 5*n - 1. Give o(m).
-5
Let g(j) = 1. Let o(y) = y**2 + 5*y + 1. Let n(l) = 2*g(l) + o(l). Suppose -3*d - 9 + 0 = 3*r, d = 5*r + 15. Let q be (3/r)/(3/9). What is n(q)?
-3
Let r(m) = -m**3 + 10*m**2 - m + 13. Let t be r(10). Let a(c) = -4*c**2 + 3*c + 4 + 0*c**3 + c**3 - 2. Calculate a(t).
2
Let j = -7 - -10. Let l(z) = -15*z**2 + 0*z**j + 13*z**2 - 5*z + z**3. Suppose 4*c - 5*p = -4, p - 2 + 6 = 2*c. Calculate l(c).
12
Let h(r) = r - 1. Let n(w) = 0 - 5*w + 3 + 3*w - 4. Let v(t) = -3*h(t) - n(t). What is v(6)?
-2
Let s(i) = -7*i**2 - 3*i + 1. Let r(v) = -v**2. Let y(k) = 6*r(k) - s(k). What is y(3)?
17
Let b(f) = -f**3 - f**2 + f. Let m be 1/2*-6 + -4. Let g(d) = 2*d + 14. Let a(j) = 3*j + 21. Let i(c) = m*g(c) + 5*a(c). Let r be i(-6). Calculate b(r).
-1
Let u(q) = -q**3 - 4*q**2 + 5*q + 4. Let p be (-30)/2*27/(-9). Suppose -6*i - p = 3*i. Give u(i).
4
Let a be 26/8*4/6*6. Suppose 3*p = a*p + 70. Let t(s) = -s**2 - 8*s + 1. Give t(p).
8
Suppose -5*z - d - 9 = 6, -d + 12 = -4*z. Let b(k) be the first derivative of k**3 + k**2/2 - 5*k - 3. Let i(y) be the first derivative of b(y). Determine i(z).
-17
Let x(c) be the second derivative of -c**5/20 + 5*c**4/12 + c**3/2 - 5*c**2 - 144*c. What is x(5)?
5
Let q(j) = j**3 - 12*j**2 + 26*j + 14. Let u be q(9). Let h(m) = -2*m + 3. Let g(c) = 3*c - 6. Let s(f) = 4*g(f) + 7*h(f). Calculate s(u).
-13
Let m(q) = 2*q**2 + 10*q - 14. Let h = 105 + -111. Give m(h).
-2
Let c(j) = 7*j + 1. Let p(g) = -g + 1. Let s(q) = 11*q + 5. Let u(v) = -4*p(v) + s(v). Let i(w) = 9*c(w) - 4*u(w). Determine i(-4).
-7
Let n(b) = b - 8. Let v be n(2). Let m(r) = r**3 + 6*r**2 + 3*r + 8. What is m(v)?
-10
Let i(u) = -8*u - 3. Let h(y) = 15*y + 5. Let m(x) = -x**2 + x + 27. Let g be m(6). Let f(b) = g*h(b) - 5*i(b). What is f(-1)?
5
Let k be 7/((-105)/(-24))*(-5)/(-2). Let o(b) = -b**2 + 5. Determine o(k).
-11
Let x(n) be the second derivative of 1/120*n**6 + 0 + 0*n**4 + 1/60*n**5 - 1/3*n**3 + 14*n - 5*n**2. Let g(m) be the first derivative of x(m). Determine g(-2).
-6
Let m(x) = 1 - 2 - x - 5*x. Suppose l + 0*t - 4*t + 11 = 0, -2*l - t - 4 = 0. Give m(l).
17
Let z = 15 - 14. Let m be z*-2 + (-4)/1. Let n(x) = x**3 + 6*x**2 + 4. Give n(m).
4
Let h(x) be the third derivative of x**4/6 - 19*x**3/3 + 454*x**2. Determine h(8).
-6
Let u(g) = -g + 2. Let f(y) = y**3 + 4*y**2 + 2*y - 1. Let i be f(-4). Let k = i + 11. Calculate u(k).
0
Suppose -3*k - 6 = 2*l - 0*k, 5*k + 10 = -4*l. Let f = 11 - 8. Let a(p) = p - 2*p - p**f + 0*p. Give a(l).
0
Suppose -3*d + 33 = -3*x, x + 0*d = -4*d - 31. Let i(m) = m**3 + 14*m**2 - 16*m - 19. What is i(x)?
-4
Let w(z) = -z**3 - 4*z**2 + 5*z - 7. Suppose -2*k + 3*i = 0, -4*k + 5*i = 12 - 8. Determine w(k).
35
Let d be 16 - 5 - 3/1. Suppose -i = 3*i - d. Let j(s) = -4*s + 1. Give j(i).
-7
Let m(c) = -c**2 - 4*c + 1. Let z(h) = -3*h**2 + 7*h - 13. Let q be z(3). Let r(s) = -s**3 - 19*s**2 + s + 16. Let l be r(q). What is m(l)?
4
Let o(b) be the third derivative of 0 - 9*b**2 - 1/6*b**3 + 0*b - 1/12*b**4. Let g be 0 - 2*12/8. Determine o(g).
5
Let t(b) be the second derivative of -b**4/3 + b**3/6 - b + 118. Suppose 4*w - 15 - 1 = 0. Suppose 7*v + w = 3*v. Calculate t(v).
-5
Let m(q) = -q**2 - 5*q - 6. Suppose -4*g = -0*g - 12. Suppose 0*d - 6 = g*d. Let c(i) = -4*i**2 - 20*i - 25. Let r(s) = d*c(s) + 9*m(s). What is r(-3)?
2
Let t(h) = -26*h**2 - 5*h + 12. Let z(a) = -40*a**2 - 8*a + 19. Let x(s) = 8*t(s) - 5*z(s). Give x(-1).
-7
Let v(f) = -21*f**3 + 7*f**2 + 8 - 71*f + 78*f + 22*f**3. Let r = -55 - -49. Give v(r).
2
Let f(h) be the third derivative of h**5/60 + h**4/6 - h**3/3 - 37*h**2. Let n(z) = -z**3 - 7*z**2 - 9*z - 9. Let w be n(-6). Let p = 4 - w. What is f(p)?
3
Let x(w) = -10*w**2 + 31*w - 20. Let a(h) = -7*h**2 + 21*h - 13. Let o(q) = 7*a(q) - 5*x(q). Determine o(8).
9
Let j(f) = -f + 3 - f**2 - 1 + 0 + 8*f + 1. What is j(6)?
9
Let o(c) = -c**2 - c - 5. Let q(l) = l**3 + 14*l**2 - 15*l. Let x be q(-15). Determine o(x).
-5
Let p(m) be the first derivative of -2*m**3/3 - m**2/2 + 71. Give p(-2).
-6
Let h(u) = u**2 - 9*u + 21. Suppose -528 = -9*g - 447. What is h(g)?
21
Let k(z) = -5*z**3 + 10*z**2 + 13*z - 2. Let p be (-1)/(0 - (-2)/6). Let t(v) = -4*v**3 + 9*v**2 + 12*v - 3. Let y(u) = p*k(u) + 4*t(u). What is y(7)?
8
Let t(y) = -7*y - 4*y**3 + 